{"id":405,"date":"2025-04-12T19:30:48","date_gmt":"2025-04-12T17:30:48","guid":{"rendered":"https:\/\/www.ifldigitalart.it\/2025\/?page_id=405"},"modified":"2025-04-16T01:28:08","modified_gmt":"2025-04-15T23:28:08","slug":"arte-digitale-tra-caos-e-armonia","status":"publish","type":"page","link":"https:\/\/www.ifldigitalart.it\/new\/arte-digitale-tra-caos-e-armonia\/","title":{"rendered":"Arte Digitale: Tra caos e armonia"},"content":{"rendered":"<div data-colibri-id=\"405-c1\" class=\"style-421 style-local-405-c1 position-relative\">\n  <!---->\n  <div data-colibri-component=\"section\" data-colibri-id=\"405-c2\" id=\"about\" class=\"h-section h-section-global-spacing d-flex align-items-lg-center align-items-md-center align-items-center style-427 style-local-405-c2 position-relative\">\n    <!---->\n    <!---->\n    <div class=\"h-section-grid-container h-section-boxed-container\">\n      <!---->\n      <div data-colibri-id=\"405-c3\" class=\"h-row-container gutters-row-lg-0 gutters-row-md-0 gutters-row-0 gutters-row-v-lg-0 gutters-row-v-md-0 gutters-row-v-0 style-428 style-local-405-c3 position-relative\">\n        <!---->\n        <div class=\"h-row justify-content-lg-center justify-content-md-center justify-content-center align-items-lg-stretch align-items-md-stretch align-items-stretch gutters-col-lg-0 gutters-col-md-0 gutters-col-0 gutters-col-v-lg-0 gutters-col-v-md-0 gutters-col-v-0\">\n          <!---->\n          <div class=\"h-column h-column-container d-flex h-col-lg-auto h-col-md-auto h-col-auto style-429-outer style-local-405-c4-outer\">\n            <div data-colibri-id=\"405-c4\" class=\"d-flex h-flex-basis h-column__inner h-ui-empty-state-container h-px-lg-0 h-px-md-0 h-px-0 v-inner-lg-0 v-inner-md-0 v-inner-0 style-429 style-local-405-c4 position-relative\">\n              <!---->\n              <!---->\n              <div class=\"w-100 h-y-container h-column__content h-column__v-align flex-basis-100\">\n                <!---->\n              <\/div>\n            <\/div>\n          <\/div>\n          <div class=\"h-column h-column-container d-flex h-col-lg-auto h-col-md-auto h-col-auto style-430-outer style-local-405-c5-outer\">\n            <div data-colibri-id=\"405-c5\" class=\"d-flex h-flex-basis h-column__inner h-px-lg-2 h-px-md-2 h-px-2 v-inner-lg-2 v-inner-md-2 v-inner-2 style-430 style-local-405-c5 position-relative\">\n              <!---->\n              <!---->\n              <div class=\"w-100 h-y-container h-column__content h-column__v-align flex-basis-100 align-self-lg-start align-self-md-start align-self-start\">\n                <!---->\n                <div data-colibri-id=\"405-c6\" class=\"h-global-transition-all h-heading style-432 style-local-405-c6 position-relative h-element\">\n                  <!---->\n                  <div class=\"h-heading__outer style-432 style-local-405-c6\">\n                    <!---->\n                    <!---->\n                    <h2 class=\"\">Arte Digitale: Tra caos e armonia<\/h2>\n                  <\/div>\n                <\/div>\n                <div data-colibri-id=\"405-c7\" class=\"h-text h-text-component style-433 style-local-405-c7 position-relative h-element\">\n                  <!---->\n                  <!---->\n                  <div class=\"\">\n                    <p>L\u2019arte digitale \u00e8 per me un territorio fluido, dove la tecnologia non \u00e8 solo uno strumento, ma parte attiva del processo creativo. In questo spazio, l\u2019immagine non \u00e8 mai definitiva: si scompone, si trasforma, si apre a nuove letture.\n                      \u00c8 qui che si incontrano l\u2019intuizione e il codice, la materia e l\u2019algoritmo, generando visioni che sfidano la percezione e sconfinano nell\u2019ignoto.<\/p>\n                    <p>Manipolare digitalmente un\u2019immagine significa attraversarla. Che parta da una fotografia o da una composizione generata dall\u2019intelligenza artificiale, ci\u00f2 che mi interessa \u00e8 la possibilit\u00e0 di alterarla, destrutturarla, farla vibrare.\n                      Ogni frammento visivo diventa parte di un racconto in cui la forma perde stabilit\u00e0 e lascia spazio a risonanze pi\u00f9 profonde.<\/p>\n                    <p>Le tecniche che utilizzo \u2014 dal photo editing spinto all\u2019uso consapevole dell\u2019AI \u2014 mi permettono di andare oltre la superficie, cercando tensioni nascoste, equilibri instabili, nuove armonie. L\u2019obiettivo non \u00e8 riprodurre il reale, ma\n                      evocare uno stato d\u2019animo, una percezione, una possibilit\u00e0.<\/p>\n                    <p>Quello che ne nasce non \u00e8 mai solo un\u2019immagine: \u00e8 un\u2019esperienza visiva che invita a rimettere in discussione ci\u00f2 che diamo per scontato.\n                      <br>Mi interessa creare opere che siano attraversamenti, zone di confine dove umano e digitale si fondono per generare bellezza, nonostante \u2014 o forse proprio grazie \u2014 al caos da cui provengono.<\/p>\n                    <p>\n                      <br>\n                    <\/p>\n                  <\/div>\n                <\/div>\n              <\/div>\n            <\/div>\n          <\/div>\n        <\/div>\n      <\/div>\n    <\/div>\n  <\/div>\n<\/div>","protected":false},"excerpt":{"rendered":"Arte Digitale: Tra caos e armonia L\u2019arte digitale \u00e8 per me un territorio [&hellip;]","protected":false},"author":1,"featured_media":0,"parent":0,"menu_order":0,"comment_status":"closed","ping_status":"closed","template":"page-templates\/full-width-page.php","meta":{"_acf_changed":false,"footnotes":""},"categories":[],"class_list":["post-405","page","type-page","status-publish","hentry"],"acf":[],"_links":{"self":[{"href":"https:\/\/www.ifldigitalart.it\/new\/wp-json\/wp\/v2\/pages\/405","targetHints":{"allow":["GET"]}}],"collection":[{"href":"https:\/\/www.ifldigitalart.it\/new\/wp-json\/wp\/v2\/pages"}],"about":[{"href":"https:\/\/www.ifldigitalart.it\/new\/wp-json\/wp\/v2\/types\/page"}],"author":[{"embeddable":true,"href":"https:\/\/www.ifldigitalart.it\/new\/wp-json\/wp\/v2\/users\/1"}],"replies":[{"embeddable":true,"href":"https:\/\/www.ifldigitalart.it\/new\/wp-json\/wp\/v2\/comments?post=405"}],"version-history":[{"count":7,"href":"https:\/\/www.ifldigitalart.it\/new\/wp-json\/wp\/v2\/pages\/405\/revisions"}],"predecessor-version":[{"id":1388,"href":"https:\/\/www.ifldigitalart.it\/new\/wp-json\/wp\/v2\/pages\/405\/revisions\/1388"}],"wp:attachment":[{"href":"https:\/\/www.ifldigitalart.it\/new\/wp-json\/wp\/v2\/media?parent=405"}],"wp:term":[{"taxonomy":"category","embeddable":true,"href":"https:\/\/www.ifldigitalart.it\/new\/wp-json\/wp\/v2\/categories?post=405"}],"curies":[{"name":"wp","href":"https:\/\/api.w.org\/{rel}","templated":true}]}}

<div data-colibri-id="405-c1" class="style-421 style-local-405-c1 position-relative">
  <!---->
  <div data-colibri-component="section" data-colibri-id="405-c2" id="about" class="h-section h-section-global-spacing d-flex align-items-lg-center align-items-md-center align-items-center style-427 style-local-405-c2 position-relative">
    <!---->
    <!---->
    <div class="h-section-grid-container h-section-boxed-container">
      <!---->
      <div data-colibri-id="405-c3" class="h-row-container gutters-row-lg-0 gutters-row-md-0 gutters-row-0 gutters-row-v-lg-0 gutters-row-v-md-0 gutters-row-v-0 style-428 style-local-405-c3 position-relative">
        <!---->
        <div class="h-row justify-content-lg-center justify-content-md-center justify-content-center align-items-lg-stretch align-items-md-stretch align-items-stretch gutters-col-lg-0 gutters-col-md-0 gutters-col-0 gutters-col-v-lg-0 gutters-col-v-md-0 gutters-col-v-0">
          <!---->
          <div class="h-column h-column-container d-flex h-col-lg-auto h-col-md-auto h-col-auto style-429-outer style-local-405-c4-outer">
            <div data-colibri-id="405-c4" class="d-flex h-flex-basis h-column__inner h-ui-empty-state-container h-px-lg-0 h-px-md-0 h-px-0 v-inner-lg-0 v-inner-md-0 v-inner-0 style-429 style-local-405-c4 position-relative">
              <!---->
              <!---->
              <div class="w-100 h-y-container h-column__content h-column__v-align flex-basis-100">
                <!---->
              </div>
            </div>
          </div>
          <div class="h-column h-column-container d-flex h-col-lg-auto h-col-md-auto h-col-auto style-430-outer style-local-405-c5-outer">
            <div data-colibri-id="405-c5" class="d-flex h-flex-basis h-column__inner h-px-lg-2 h-px-md-2 h-px-2 v-inner-lg-2 v-inner-md-2 v-inner-2 style-430 style-local-405-c5 position-relative">
              <!---->
              <!---->
              <div class="w-100 h-y-container h-column__content h-column__v-align flex-basis-100 align-self-lg-start align-self-md-start align-self-start">
                <!---->
                <div data-colibri-id="405-c6" class="h-global-transition-all h-heading style-432 style-local-405-c6 position-relative h-element">
                  <!---->
                  <div class="h-heading__outer style-432 style-local-405-c6">
                    <!---->
                    <!---->
                    <h2 class="">Arte Digitale: Tra caos e armonia</h2>
                  </div>
                </div>
                <div data-colibri-id="405-c7" class="h-text h-text-component style-433 style-local-405-c7 position-relative h-element">
                  <!---->
                  <!---->
                  <div class="">
                    <p>L’arte digitale è per me un territorio fluido, dove la tecnologia non è solo uno strumento, ma parte attiva del processo creativo. In questo spazio, l’immagine non è mai definitiva: si scompone, si trasforma, si apre a nuove letture.
                      È qui che si incontrano l’intuizione e il codice, la materia e l’algoritmo, generando visioni che sfidano la percezione e sconfinano nell’ignoto.</p>
                    <p>Manipolare digitalmente un’immagine significa attraversarla. Che parta da una fotografia o da una composizione generata dall’intelligenza artificiale, ciò che mi interessa è la possibilità di alterarla, destrutturarla, farla vibrare.
                      Ogni frammento visivo diventa parte di un racconto in cui la forma perde stabilità e lascia spazio a risonanze più profonde.</p>
                    <p>Le tecniche che utilizzo — dal photo editing spinto all’uso consapevole dell’AI — mi permettono di andare oltre la superficie, cercando tensioni nascoste, equilibri instabili, nuove armonie. L’obiettivo non è riprodurre il reale, ma
                      evocare uno stato d’animo, una percezione, una possibilità.</p>
                    <p>Quello che ne nasce non è mai solo un’immagine: è un’esperienza visiva che invita a rimettere in discussione ciò che diamo per scontato.
                      <br>Mi interessa creare opere che siano attraversamenti, zone di confine dove umano e digitale si fondono per generare bellezza, nonostante — o forse proprio grazie — al caos da cui provengono.</p>
                    <p>
                      <br>
                    </p>
                  </div>
                </div>
              </div>
            </div>
          </div>
        </div>
      </div>
    </div>
  </div>
</div>

Arte Digitale: Tra caos e armonia L’arte digitale è per me un territorio [&hellip;]
